d thousands digit of 1032192?
0
What is the hundreds digit of 1917174?
1
What is the hundred thousands digit of 1417348?
4
What is the hundreds digit of 806599?
5
What is the tens digit of 240410?
1
What is the ten millions digit of 12494205?
1
What is the units digit of 110586?
6
What is the thousands digit of 248022?
8
What is the tens digit of 93558?
5
What is the hundred thousands digit of 16243931?
2
What is the ten thousands digit of 276303?
7
What is the hundred thousands digit of 4280303?
2
What is the ten thousands digit of 3746738?
4
What is the hundreds digit of 23517?
5
What is the ten thousands digit of 14864?
1
What is the hundred thousands digit of 809595?
8
What is the ten thousands digit of 102376?
0
What is the hundreds digit of 524901?
9
What is the ten thousands digit of 557566?
5
What is the tens digit of 4931670?
7
What is the ten thousands digit of 9886712?
8
What is the units digit of 2548149?
9
What is the hundreds digit of 19305809?
8
What is the units digit of 88781?
1
What is the ten thousands digit of 32285252?
8
What is the hundred thousands digit of 188095?
1
What is the units digit of 39033?
3
What is the hundreds digit of 149022?
0
What is the hundred thousands digit of 266469?
2
What is the units digit of 99411?
1
What is the tens digit of 580857?
5
What is the hundred thousands digit of 24948789?
9
What is the hundreds digit of 619730?
7
What is the tens digit of 6407208?
0
What is the units digit of 2239324?
4
What is the tens digit of 501765?
6
What is the thousands digit of 736470?
6
What is the hundreds digit of 2174055?
0
What is the tens digit of 5002274?
7
What is the hundred thousands digit of 5893761?
8
What is the hundred thousands digit of 187737?
1
What is the hundreds digit of 166991?
9
What is the units digit of 2228981?
1
What is the tens digit of 8237469?
6
What is the tens digit of 2295303?
0
What is the tens digit of 228515?
1
What is the ten millions digit of 20824774?
2
What is the thousands digit of 277191?
7
What is the units digit of 4155100?
0
What is the units digit of 357411?
1
What is the hundred thousands digit of 494109?
4
What is the thousands digit of 2163551?
3
What is the tens digit of 2244259?
5
What is the ten thousands digit of 786504?
8
What is the units digit of 78590?
0
What is the ten thousands digit of 849337?
4
What is the ten thousands digit of 5333477?
3
What is the tens digit of 76060?
6
What is the ten thousands digit of 1795284?
9
What is the hundreds digit of 2777601?
6
What is the units digit of 193786?
6
What is the hundreds digit of 529513?
5
What is the tens digit of 14519708?
0
What is the hundred thousands digit of 7662480?
6
What is the hundreds digit of 14643630?
6
What is the thousands digit of 165017?
5
What is the thousands digit of 11114?
1
What is the tens digit of 1928956?
5
What is the hundred thousands digit of 18566656?
5
What is the units digit of 354980?
0
What is the ten thousands digit of 532949?
3
What is the thousands digit of 198952?
8
What is the ten thousands digit of 348173?
4
What is the tens digit of 953721?
2
What is the hundred thousands digit of 21135393?
1
What is the hundreds digit of 16446750?
7
What is the units digit of 76470?
0
What is the thousands digit of 199431?
9
What is the millions digit of 5584332?
5
What is the units digit of 447394?
4
What is the millions digit of 13776965?
3
What is the thousands digit of 124341?
4
What is the thousands digit of 8149978?
9
What is the hundred thousands digit of 3621763?
6
What is the hundred thousands digit of 12432283?
4
What is the ten thousands digit of 35881979?
8
What is the hundreds digit of 1246497?
4
What is the thousands digit of 1346889?
6
What is the units digit of 139998?
8
What is the hundred thousands digit of 11969274?
9
What is the ten thousands digit of 2427971?
2
What is the tens digit of 819901?
0
What is the units digit of 352837?
7
What is the hundreds digit of 3811223?
2
What is the hundred thousands digit of 6781925?
7
What is the units digit of 903946?
6
What is the ten thousands digit of 319738?
1
What is the ten thousands digit of 15496978?
9
What is the tens digit of 48981?
8
What is the ten thousands digit of 4533167?
3
What is the units digit of 325096?
6
What is the hundred thousands digit of 137446?
1
What is the ten thousands digit of 2028093?
2
What is the hundred thousands digit of 1402256?
4
What is the hundreds digit of 86200?
2
What is the ten thousands digit of 3957187?
5
What is the ten thousands digit of 315178?
1
What is the tens digit of 23686?
8
What is the hundreds digit of 2396945?
9
What is the tens digit of 279218?
1
What is the millions digit of 5631442?
5
What is the tens digit of 321206?
0
What is the ten thousands digit of 4027334?
2
What is the tens digit of 597996?
9
What is the hundred thousands digit of 2152815?
1
What is the ten thousands digit of 379705?
7
What is the hundreds digit of 26728065?
0
What is the thousands digit of 559328?
9
What is the hundreds digit of 7057358?
3
What is the hundred thousands digit of 16251024?
2
What is the millions digit of 4100660?
4
What is the hundred thousands digit of 358563?
3
What is the tens digit of 2486?
8
What is the ten thousands digit of 1125698?
2
What is the thousands digit of 33087836?
7
What is the hundreds digit of 27510072?
0
What is the tens digit of 1456120?
2
What is the hundred thousands digit of 4949857?
9
What is the ten thousands digit of 78134?
7
What is the tens digit of 404315?
1
What is the units digit of 86872?
2
What is the hundred thousands digit of 1435861?
4
What is the ten thousands digit of 431042?
3
What is the tens digit of 700920?
2
What is the tens digit of 2810998?
9
What is the ten thousands digit of 11567288?
6
What is the hundreds digit of 57292?
2
What is the ten thousands digit of 26468259?
6
What is the thousands digit of 997184?
7
What is the units digit of 672707?
7
What is the hundred thousands digit of 5643843?
6
What is the units digit of 441794?
4
What is the ten thousands digit of 88560?
8
What is the thousands digit of 452641?
2
What is the units digit of 34789?
9
What is the units digit of 14588846?
6
What is the hundreds digit of 349030?
0
What is the thousands digit of 194671?
4
What is the tens digit of 2310685?
8
What is the millions digit of 5020709?
5
What is the units digit of 5269846?
6
What is the hundred thousands digit of 5183588?
1
What is the ten thousands digit of 435334?
3
What is the units digit of 7150429?
9
What is the ten thousands digit of 23749679?
4
What is the thousands digit of 6108500?
8
What is the units digit of 1709704?
4
What is the ten thousands digit of 7075805?
7
What is the tens digit of 911854?
5
What is the millions digit of 13626648?
3
What is the thousands digit of 146816?
6
What is the hundreds digit of 646554?
5
What is the units digit of 6942219?
9
What is the hundreds digit of 83800?
8
What is the units digit of 14212645?
5
What is the millions digit of 9045853?
9
What is the thousands digit of 21911771?
1
What is the thousands digit of 262222?
2
What is the hundreds digit of 474176?
1
What is the thousands digit of 4209590?
9
What is the hundred thousands digit of 192243?
1
What is the units digit of 42735?
5
What is the tens digit of 13464080?
8
What is the hundreds digit of 2865863?
8
What is the millions digit of 1015875?
1
What is the ten thousands digit of 8897063?
9
What is the thousands digit of 223833?
3
What is the thousands digit of 70153?
0
What is the ten thousands digit of 159775?
5
What is the millions digit of 7718516?
7
What is the thousands digit of 215806?
5
What is the thousands digit of 1790867?
0
What is the hundred thousands digit of 102395?
1
What is the units digit of 711723?
3
What is the hundreds digit of 9511165?
1
What is the ten thousands digit of 308815?
0
What is the thousands digit of 71660?
1
What is the hundreds digit of 3702835?
8
What is the hundreds digit of 783985?
9
What is the tens digit of 827423?
2
What is the hundreds digit of 1212806?
8
What is the units digit of 40944?
4
What is the units digit of 6473338?
8
What is the ten millions digit of 12984903?
1
What is the hundred thousands digit of 778292?
7
What is the hundreds digit of 282227?
2
What